der when 737 is divided by 18?
17
What is the remainder when 106 is divided by 26?
2
Calculate the remainder when 970 is divided by 52.
34
Calculate the remainder when 91 is divided by 45.
1
What is the remainder when 662 is divided by 13?
12
Calculate the remainder when 209 is divided by 66.
11
What is the remainder when 604 is divided by 15?
4
Calculate the remainder when 43043 is divided by 34.
33
What is the remainder when 492 is divided by 29?
28
What is the remainder when 1416 is divided by 13?
12
Calculate the remainder when 1149 is divided by 96.
93
Calculate the remainder when 2352 is divided by 54.
30
What is the remainder when 308 is divided by 103?
102
What is the remainder when 67 is divided by 27?
13
What is the remainder when 1500 is divided by 88?
4
What is the remainder when 81 is divided by 17?
13
What is the remainder when 127 is divided by 36?
19
What is the remainder when 159 is divided by 42?
33
Calculate the remainder when 4615 is divided by 1153.
3
What is the remainder when 244 is divided by 7?
6
Calculate the remainder when 2432 is divided by 173.
10
What is the remainder when 59 is divided by 4?
3
What is the remainder when 66 is divided by 7?
3
What is the remainder when 262 is divided by 35?
17
What is the remainder when 1052 is divided by 34?
32
What is the remainder when 908 is divided by 251?
155
What is the remainder when 3471 is divided by 23?
21
What is the remainder when 823 is divided by 115?
18
What is the remainder when 912 is divided by 236?
204
What is the remainder when 49 is divided by 8?
1
Calculate the remainder when 4138 is divided by 24.
10
Calculate the remainder when 938 is divided by 149.
44
What is the remainder when 294 is divided by 23?
18
What is the remainder when 40 is divided by 18?
4
Calculate the remainder when 2002 is divided by 255.
217
Calculate the remainder when 664 is divided by 74.
72
Calculate the remainder when 7289 is divided by 15.
14
Calculate the remainder when 465 is divided by 52.
49
Calculate the remainder when 395 is divided by 20.
15
What is the remainder when 1906 is divided by 88?
58
What is the remainder when 33 is divided by 12?
9
Calculate the remainder when 99 is divided by 10.
9
Calculate the remainder when 274 is divided by 124.
26
Calculate the remainder when 745 is divided by 83.
81
Calculate the remainder when 87 is divided by 10.
7
Calculate the remainder when 2291 is divided by 45.
41
What is the remainder when 93 is divided by 3?
0
Calculate the remainder when 1660 is divided by 205.
20
Calculate the remainder when 10232 is divided by 27.
26
Calculate the remainder when 160 is divided by 39.
4
What is the remainder when 152 is divided by 82?
70
Calculate the remainder when 416 is divided by 123.
47
What is the remainder when 5113 is divided by 270?
253
What is the remainder when 4891 is divided by 32?
27
Calculate the remainder when 3058 is divided by 10.
8
Calculate the remainder when 2422 is divided by 481.
17
Calculate the remainder when 8 is divided by 4.
0
Calculate the remainder when 364 is divided by 6.
4
What is the remainder when 46 is divided by 27?
19
Calculate the remainder when 2532 is divided by 10.
2
Calculate the remainder when 236 is divided by 68.
32
Calculate the remainder when 4559 is divided by 48.
47
Calculate the remainder when 97030 is divided by 78.
76
What is the remainder when 614 is divided by 163?
125
What is the remainder when 2065 is divided by 47?
44
Calculate the remainder when 278 is divided by 35.
33
What is the remainder when 767 is divided by 5?
2
What is the remainder when 2327 is divided by 47?
24
What is the remainder when 535 is divided by 257?
21
What is the remainder when 138 is divided by 63?
12
Calculate the remainder when 139 is divided by 11.
7
Calculate the remainder when 150 is divided by 60.
30
What is the remainder when 6148 is divided by 82?
80
What is the remainder when 8929 is divided by 42?
25
Calculate the remainder when 2939 is divided by 733.
7
What is the remainder when 158 is divided by 53?
52
What is the remainder when 227 is divided by 35?
17
Calculate the remainder when 590 is divided by 285.
20
What is the remainder when 1039 is divided by 503?
33
Calculate the remainder when 1601 is divided by 387.
53
What is the remainder when 336 is divided by 87?
75
What is the remainder when 3320 is divided by 35?
30
Calculate the remainder when 17345 is divided by 6.
5
What is the remainder when 165 is divided by 75?
15
What is the remainder when 401 is divided by 41?
32
What is the remainder when 222 is divided by 34?
18
Calculate the remainder when 512 is divided by 65.
57
Calculate the remainder when 119 is divided by 55.
9
Calculate the remainder when 1350 is divided by 202.
138
What is the remainder when 81 is divided by 28?
25
Calculate the remainder when 528 is divided by 14.
10
Calculate the remainder when 2308 is divided by 76.
28
Calculate the remainder when 1972 is divided by 141.
139
What is the remainder when 414 is divided by 70?
64
What is the remainder when 531 is divided by 14?
13
What is the remainder when 1934 is divided by 194?
188
What is the remainder when 875 is divided by 73?
72
Calculate the remainder when 872 is divided by 223.
203
Calculate the remainder when 219 is divided by 44.
43
What is the remainder when 339 is divided by 91?
66
Calculate the remainder when 303 is divided by 22.
17
Calculate the remainder when 182 is divided by 37.
34
What is the remainder when 259 is divided by 26?
25
What is the remainder when 228 is divided by 39?
33
Calculate the remainder when 6523 is divided by 30.
13
Calculate the remainder when 5101 is divided by 461.
30
Calculate the remainder when 1101 is divided by 223.
209
What is the remainder when 122 is divided by 34?
20
What is the remainder when 261 is divided by 81?
18
Calculate the remainder when 236 is divided by 16.
12
What is the remainder when 97 is divided by 35?
27
What is the remainder when 4217 is divided by 111?
110
Calculate the remainder when 325 is divided by 86.
67
Calculate the remainder when 118 is divided by 8.
6
Calculate the remainder when 2095 is divided by 2.
1
Calculate the remainder when 2497 is divided by 55.
22
Calculate the remainder when 156 is divided by 111.
45
What is the remainder when 346 is divided by 337?
9
Calculate the remainder when 2819 is divided by 31.
29
What is the remainder when 669 is divided by 12?
9
Calculate the remainder when 128 is divided by 62.
4
Calculate the remainder when 1672 is divided by 242.
220
Calculate the remainder when 36 is divided by 13.
10
What is the remainder when 200 is divided by 70?
60
Calculate the remainder when 1213 is divided by 14.
9
What is the remainder when 258 is divided by 52?
50
What is the remainder when 89 is divided by 32?
25
What is the remainder when 1039 is divided by 10?
9
Calculate the remainder when 332 is divided by 16.
12
Calculate the remainder when 156 is divided by 48.
12
What is the remainder when 6457 is divided by 76?
73
What is the remainder when 231 is divided by 26?
23
What is the remainder when 88 is divided by 13?
10
Calculate the remainder when 406 is divided by 187.
32
Calculate the remainder when 330 is divided by 86.
72
Calculate the remainder when 194 is divided by 11.
7
Calculate the remainder when 180 is divided by 22.
4
Calculate the remainder when 61 is divided by 31.
30
What is the remainder when 561 is divided by 179?
24
What is the remainder when 366 is divided by 9?
6
Calculate the remainder when 108 is divided by 87.
21
What is the remainder when 866 is divided by 141?
20
What is the remainder when 94 is divided by 49?
45
What is the remainder when 92 is divided by 32?
28
Calculate the remainder when 843 is divided by 97.
67
Calculate the remainder when 55 is divided by 18.
1
What is the remainder when 234 is divided by 60?
54
What is the remainder when 139 is divided by 35?
34
Calculate the remainder when 167 is divided by 12.
11
What is the remainder when 621 is divided by 61?
11
Calculate the remainder when 361 is divided by 8.
1
Calculate the remainder when 56 is divided by 22.
12
Calculate the remainder when 168 is divided by 25.
18
Calculate the remainder when 3966 is divided by 64.
62
Calculate the remainder